735105?
1
What is the hundreds digit of 256998?
9
What is the hundreds digit of 1257405?
4
What is the units digit of 210066?
6
What is the ten thousands digit of 1765672?
6
What is the thousands digit of 259947?
9
What is the hundreds digit of 1250406?
4
What is the thousands digit of 143047?
3
What is the ten thousands digit of 282779?
8
What is the hundreds digit of 119782?
7
What is the ten thousands digit of 1617176?
1
What is the thousands digit of 359799?
9
What is the thousands digit of 504048?
4
What is the tens digit of 1908352?
5
What is the thousands digit of 219785?
9
What is the ten thousands digit of 26522?
2
What is the hundred thousands digit of 533664?
5
What is the units digit of 3647?
7
What is the tens digit of 154828?
2
What is the units digit of 940639?
9
What is the thousands digit of 422965?
2
What is the units digit of 3060203?
3
What is the thousands digit of 742322?
2
What is the thousands digit of 276354?
6
What is the units digit of 144927?
7
What is the thousands digit of 646329?
6
What is the hundreds digit of 1122855?
8
What is the units digit of 25986076?
6
What is the tens digit of 12022708?
0
What is the hundred thousands digit of 5389888?
3
What is the ten thousands digit of 4981749?
8
What is the units digit of 69896?
6
What is the hundreds digit of 38462?
4
What is the tens digit of 2031485?
8
What is the ten thousands digit of 231983?
3
What is the tens digit of 18365?
6
What is the ten thousands digit of 386284?
8
What is the ten thousands digit of 395037?
9
What is the thousands digit of 192657?
2
What is the tens digit of 5261674?
7
What is the thousands digit of 416799?
6
What is the millions digit of 3011915?
3
What is the hundreds digit of 1308906?
9
What is the units digit of 360312?
2
What is the tens digit of 265526?
2
What is the thousands digit of 105865?
5
What is the hundreds digit of 139421?
4
What is the hundreds digit of 11796234?
2
What is the units digit of 11372053?
3
What is the millions digit of 14099540?
4
What is the tens digit of 11889462?
6
What is the ten thousands digit of 138795?
3
What is the hundred thousands digit of 107106?
1
What is the thousands digit of 4183?
4
What is the thousands digit of 1789113?
9
What is the hundred thousands digit of 11378890?
3
What is the hundred thousands digit of 2702412?
7
What is the tens digit of 522275?
7
What is the hundred thousands digit of 260042?
2
What is the thousands digit of 221718?
1
What is the ten thousands digit of 54157?
5
What is the ten thousands digit of 2762047?
6
What is the tens digit of 1017439?
3
What is the hundreds digit of 625794?
7
What is the hundreds digit of 5238614?
6
What is the millions digit of 4533793?
4
What is the hundred thousands digit of 2223528?
2
What is the hundreds digit of 82928?
9
What is the ten thousands digit of 3839719?
3
What is the hundred thousands digit of 3395857?
3
What is the thousands digit of 6535108?
5
What is the ten thousands digit of 137401?
3
What is the ten thousands digit of 14590?
1
What is the millions digit of 1095367?
1
What is the tens digit of 92893?
9
What is the units digit of 293329?
9
What is the hundred thousands digit of 1427988?
4
What is the ten thousands digit of 108982?
0
What is the millions digit of 17943901?
7
What is the ten thousands digit of 622094?
2
What is the thousands digit of 125016?
5
What is the tens digit of 168464?
6
What is the thousands digit of 88584?
8
What is the ten thousands digit of 120835?
2
What is the units digit of 9904046?
6
What is the ten thousands digit of 48759?
4
What is the hundred thousands digit of 4172128?
1
What is the hundred thousands digit of 1141872?
1
What is the thousands digit of 756128?
6
What is the hundred thousands digit of 5252706?
2
What is the ten thousands digit of 1263839?
6
What is the hundred thousands digit of 110951?
1
What is the hundred thousands digit of 297445?
2
What is the ten thousands digit of 261496?
6
What is the tens digit of 319015?
1
What is the thousands digit of 257492?
7
What is the tens digit of 3004736?
3
What is the millions digit of 1100234?
1
What is the ten thousands digit of 851472?
5
What is the units digit of 535986?
6
What is the units digit of 525279?
9
What is the millions digit of 35595750?
5
What is the hundred thousands digit of 5369215?
3
What is the ten thousands digit of 87650?
8
What is the ten thousands digit of 425547?
2
What is the thousands digit of 374332?
4
What is the hundred thousands digit of 2252240?
2
What is the hundred thousands digit of 1212411?
2
What is the ten thousands digit of 892962?
9
What is the tens digit of 323405?
0
What is the millions digit of 16659802?
6
What is the thousands digit of 6230121?
0
What is the units digit of 18508695?
5
What is the hundred thousands digit of 17091047?
0
What is the hundreds digit of 36945?
9
What is the tens digit of 8290247?
4
What is the hundreds digit of 6598437?
4
What is the millions digit of 11816190?
1
What is the ten thousands digit of 12065372?
6
What is the hundred thousands digit of 8373362?
3
What is the ten thousands digit of 6150697?
5
What is the ten thousands digit of 76942?
7
What is the ten thousands digit of 143446?
4
What is the hundreds digit of 3651966?
9
What is the hundred thousands digit of 782761?
7
What is the units digit of 394773?
3
What is the hundred thousands digit of 1770265?
7
What is the hundred thousands digit of 12700962?
7
What is the units digit of 441274?
4
What is the thousands digit of 850430?
0
What is the tens digit of 8967989?
8
What is the ten thousands digit of 308877?
0
What is the hundred thousands digit of 150006?
1
What is the thousands digit of 354191?
4
What is the ten thousands digit of 968834?
6
What is the units digit of 63482?
2
What is the hundred thousands digit of 1639230?
6
What is the hundreds digit of 58277?
2
What is the ten thousands digit of 3280359?
8
What is the ten thousands digit of 4736355?
3
What is the hundred thousands digit of 132121?
1
What is the thousands digit of 1044584?
4
What is the thousands digit of 13882371?
2
What is the hundreds digit of 730357?
3
What is the tens digit of 742834?
3
What is the ten thousands digit of 655507?
5
What is the tens digit of 1278259?
5
What is the tens digit of 131392?
9
What is the hundreds digit of 87384?
3
What is the units digit of 220759?
9
What is the hundreds digit of 96793?
7
What is the units digit of 316452?
2
What is the hundred thousands digit of 819354?
8
What is the hundreds digit of 31565787?
7
What is the ten thousands digit of 1520572?
2
What is the ten millions digit of 13219674?
1
What is the hundred thousands digit of 383830?
3
What is the millions digit of 1044659?
1
What is the tens digit of 2263994?
9
What is the units digit of 406705?
5
What is the tens digit of 81475?
7
What is the hundreds digit of 343684?
6
What is the tens digit of 46098?
9
What is the thousands digit of 3501350?
1
What is the units digit of 79163?
3
What is the hundred thousands digit of 8857251?
8
What is the hundred thousands digit of 378005?
3
What is the hundred thousands digit of 565006?
5
What is the tens digit of 561544?
4
What is the tens digit of 2908001?
0
What is the ten thousands digit of 208935?
0
What is the thousands digit of 393550?
3
What is the ten thousands digit of 2065406?
6
What is the thousands digit of 1360012?
0
What is the tens digit of 185527?
2
What is the hundreds digit of 2624273?
2
What is the tens digit of 2798477?
7
What is the tens digit of 675870?
7
What is the ten thousands digit of 276724?
7
What is the thousands digit of 606548?
6
What is the hundreds digit of 134773?
7
What is the thousands digit of 3061482?
1
What is the hundred thousands digit of 1790100?
7
What is the thousands digit of 117209?
7
What is the thousands digit of 5410526?
0
What is the units digit of 851253?
3
What is the thousands digit of 29192727?
2
What is the ten thousands digit of 98027?
9
What is the ten thousands digit of 647031?
4
What is the millions digit of 14353643?
4
What is the units digit of 10879?
9
What is the hundred thousands digit of 325980?
3
What is the ten thousands digit of 375160?
7
What is the tens digit of 1554350?
5
What is the hundreds digit of 187701?
7
What is